{"id":133,"date":"2015-02-12T02:59:21","date_gmt":"2015-02-12T02:59:21","guid":{"rendered":"http:\/\/noraarrieta.com\/?page_id=133"},"modified":"2026-02-27T08:41:19","modified_gmt":"2026-02-27T14:41:19","slug":"cv-2","status":"publish","type":"page","link":"https:\/\/noraarrieta.com\/?page_id=133","title":{"rendered":"about"},"content":{"rendered":"<p><span style=\"color: #000000;\">Nora Arrieta is a sculpture artist who lives and works in H\u00f6hr-Grenzhausen, Germany.<\/span><br \/>\n<span style=\"color: #000000;\">Contact: arrieta[at]gmx.de<\/span><br \/>\n<span style=\"color: #000000;\">Instagram: @nora.arrieta.sculpture <a href=\"https:\/\/www.instagram.com\/nora.arrieta.sculpture\" target=\"_blank\" rel=\"noopener\"><br \/>\n<i class=\"fab fa-instagram\" style=\"font-size: 50px;\"><\/i><\/a><\/span><\/p>\n<p><strong>SWR Beitrag 25.08.2024 Alles au\u00dfer T\u00f6pfern: Phantastische Keramikkunst:<\/strong><br \/>\n<strong>Link:<\/strong><span style=\"color: #99cc00;\"><strong><a style=\"color: #99cc00;\" href=\"https:\/\/www.swr.de\/swrkultur\/kunst-und-ausstellung\/mehr-als-toepfern-keramik-als-kunsttrend-100.html\">Kunst aus Ton: Was steckt hinter dem Keramik-Hype? &#8211; SWR Kultur<\/a><\/strong><\/span><\/p>\n<hr class=\"ttfmake-hr\" style=\"border-style: solid; border-top-width: 1px;\" \/>\n<p>&nbsp;<\/p>\n<p>Since 2020 Workshop manager and lecturer for ceramics at the Art Institute for Ceramic and Glass Art in H\u00f6hr-Grenzhausen<br \/>\n2019-2020 Ceramic Art Teaching Fellow at Tabor Academy, Marion, MA<br \/>\n2019 MFA in Ceramic Art, New York State College for Ceramics at Alfred Uniersity, Alfred NY, U.S.<br \/>\n2014-2017 Masterstudent of Martin Honert, School of Fine Art, Dresden, Germany<br \/>\n2015 Visiting Artist, Syracuse University, College of Visual and Performing Arts (Ceramics), Syracuse NY, U.S.<br \/>\n2014 Degree in Sculpture, wei\u00dfensee academy of art berlin<br \/>\n2009-2014 Studies of Fine Art Sculpture, wei\u00dfensee academy of art berlin<\/p>\n<p><strong><br \/>\nGallery contact<br \/>\n<\/strong>Galleria Antonella Villanova, Via Maggio 19\/21R, Firenze, Italy<\/p>\n<p><strong>Awards and scholarships<\/strong><br \/>\n<strong>2025<\/strong> F\u00f6rderpreis &#8222;Junge Keramik&#8220;, Diessener T\u00f6pfermarkt<br \/>\n<strong>2024<\/strong> 2nd Prize 15. Westerwaldpreis<br \/>\n<strong>2024<\/strong> F\u00f6rderpreis Keramik im Pulverturm Oldenburg<br \/>\n<strong>2023<\/strong> Grassipreis der Sparkasse Leipzig<br \/>\n<strong>2022<\/strong> Frechener Keramikpreis 2022<br \/>\n<strong>2016<\/strong> MoKS Residency Estonia (supported by K\u00fcnstlerhaus Lukas)<br \/>\n<strong>2015<\/strong> DAAD Scholarship (U.S.)<br \/>\n<strong>2014<\/strong> Mart Stam Award der Kunsthochschule Berlin Wei\u00dfensee<\/p>\n<p><strong>Solo exhibitions<\/strong><br \/>\n<strong>2026<\/strong> &#8222;4 Sch\u00e4ferhunde im Weltall&#8220;, KM570 Kunstverein Mittelrhein, Koblenz Ehrenbreitstein<br \/>\n<strong>2025<\/strong> &#8222;Tresor-En-Valise&#8220;, curated by Emanuela Nobile Mino, Galleria Antonella Villanova in collaboration with Galleria Luisa delle Piane<br \/>\n<strong>2024<\/strong> &#8222;Schlaraffenland&#8220;, Pulverturm, Stadtmuseum Oldenburg<br \/>\n<strong>2023<\/strong> &#8222;Strotzb\u00fcsch&#8220;, Atelier Judith R\u00f6der, Str\u00f6tzb\u00fcsch, Vulkaneifel<br \/>\n<strong>2023<\/strong> &#8222;Multiversum&#8220;, Galerie Glaskasten, Chemnitz<br \/>\n<strong>2019<\/strong> &#8222;Yoghurt Yoga&#8220;, Robert C. Turner Gallery, Alfred, USA<br \/>\n<strong>2015<\/strong> Michael Sickler Gallery, Syracuse, U.S.<\/p>\n<p><strong>Group exhibitions (selection)<\/strong><br \/>\n<strong>2026<br \/>\n<\/strong>&#8222;Der Pavillon&#8220;, (With Galleria Antonella Villanova), Former Hotel Eden, St. Moritz<strong><br \/>\n<\/strong>&#8222;Fig\u00fcrlich&#8220;, Galerie Handwerk, M\u00fcnchen<strong><br \/>\n<strong>2025<br \/>\n<\/strong><\/strong>&#8222;Raum &amp; Tat&#8220;, Neues Museum N\u00fcrnberg<br \/>\n&#8222;PLAYSTATION&#8220;, (Mit Benedikt Simon), Kunstverein Kunstraum Westpfalz, Kaiserslautern<br \/>\n&#8222;F\u00f6rderpreis Junge Keramik&#8220;, Diessener T\u00f6pfermarkt, Diessen<br \/>\n&#8222;Tischkultur&#8220;, Galerie Handwerk, M\u00fcnchen<br \/>\n&#8222;Forever Young&#8220;, Kunstverein Villa Streccius, Landau<br \/>\n&#8222;Nomad St. Moritz 2025&#8220; (with Galleria Antonella Villanova), Former Klinik Gut, St. Moritz<br \/>\n&#8222;Kannenb\u00e4ckerland&#8220;, Keramikcentrum Tiendschuur, Tegelen<strong><br \/>\n<strong>2024<br \/>\n<\/strong><\/strong>&#8222;Verr\u00fcckt nach Ton&#8220;, Museum f\u00fcr Angewandte Kunst, Gera<br \/>\n&#8222;Westerwaldpreis 2024&#8220;, Keramikmuseum Westerwald, H\u00f6hr-Grenzhausen<br \/>\n&#8222;Der Stoff, aus dem wir sind &#8211; Irdene Bildwerke der Gegenwart&#8220;, Kunstmuseum Ahrenshoop<br \/>\n&#8222;Eingewecktes Weltall- Nora Arrieta und Sarah Fischer&#8220;, GaDeWe Bremen<br \/>\n&#8222;Der Brand&#8220;, Galerie Handwerk M\u00fcnchen<strong><br \/>\n<strong>2023<\/strong><br \/>\n<\/strong>Grassimesse 2023,Grassimuseum f\u00fcr Angewandte Kunst Leipzig<br \/>\n&#8222;Bring mir den Sonnenuntergang in einer Tasse&#8220;, AKM Koblenz, Haus Metternich<br \/>\n\u201eJunge Talente 2023\u201c, Handwerksmesse M\u00fcnchen<strong><br \/>\n<strong>2022<\/strong><br \/>\n<\/strong>&#8222;Frechener Keramikpreis 2022&#8220;, Stiftung Keramion, Frechen<br \/>\n&#8222;Mimimi!!! Die Sammlung Wolkenkuckucksheim&#8220;, Galerie Irrgang, Leipzig<br \/>\n&#8222;Richard- Bampi-Preis 2022 Ausstellung&#8220;, Meissen Porzellan-Stiftung GmbH, Meissen<strong><br \/>\n<strong>2020<\/strong><br \/>\n<\/strong>\u201eC-Artikel\u201c, Projektraum Eilerstra\u00dfe 131, K\u00f6ln<br \/>\n\u201cCraft in Contemporary Art\u201d, Site: Brooklyn, New York, USA<br \/>\n\u201cGVSU Forum\u201d, National Council on Education for the Ceramic Arts, Richmond, USA<br \/>\n\u201cSmall Favors\u201d, The Clay Studio, Philadelphia, USA<strong><br \/>\n<strong>2019<\/strong><br \/>\n<\/strong>\u201cAnonyme Zeichner Archiv- Zu Gast im Kunsthaus Kannen\u201c, Kunsthaus Kannen, M\u00fcnster<br \/>\n\u201cLa Arcilla Como Fundamento\u201d, Campos de Guiterrez, Medellin, Kolumbien<strong><br \/>\n<strong>2018<\/strong><br \/>\n<\/strong>\u201cTrestle Draw\u201c,National Council on Education for the Ceramic Arts, Pittsburgh, USA<br \/>\n\u201cSmall Scale Bake Shale\u201c, National Council on Education for the Ceramic Arts, Pittsburgh, USA<br \/>\n&#8222;Et\u00fcden&#8220;, Galerie im Amalienpark, Berlin<strong><br \/>\n<strong>2016<\/strong><br \/>\n<\/strong>\u201cHimmel und Erde\u201d, NEUE GALERIE, Zossen<strong><br \/>\n<strong>2015<\/strong><br \/>\n<\/strong>&#8222;OZ Kunstb\u00f6rse&#8220; HMT Rostock<br \/>\n&#8222;a state of mind&#8220;, Kunstraum Bethanien, Berlin<br \/>\n&#8222;Berlin Art Prize 2015&#8220;, District, Berlin<br \/>\n&#8222;It&#8217;s oh so cute&#8220;, Eigen und Art Lab, Berlin<strong><br \/>\n<strong>2014<\/strong><br \/>\n<\/strong>&#8222;Hurra das Meer&#8220;, Kunstmuseum Ahrenshoop<br \/>\n\u201eReif\u201c, K\u00fchlhaus Berlin<br \/>\n\u201eemotional tracking\u201c, Freies Museum Berlin<br \/>\n<strong>2013<br \/>\n<\/strong>\u201eErfindungsdrang\u201c, Projektraum Pistoriusstra\u00dfe 142<strong><br \/>\n<strong>2012<\/strong><br \/>\n<\/strong>\u201eRotk\u00e4ppchen kommt aus Berlin\u201c Staatsbibliothek zu Berlin<\/p>\n<p><strong>Collections<\/strong><br \/>\nStaatsbibliothek Berlin<br \/>\nAlfred Ceramic Art Museum<br \/>\nGrassi-Museum Leipzig<br \/>\nFAMA Kunststiftung<br \/>\nMuseum f\u00fcr Angewandte Kunst Gera<\/p>\n<p>&nbsp;<\/p>\n<p><strong>Bibliography<\/strong><br \/>\n<strong>2025 Solo catalogue &#8222;Nora Arrieta&#8220;<\/strong> publisher: Galleria Antonella Villanova (with texts by Demetrio Paparoni and Emanuela Nobile Mino)<br \/>\n<strong>2025 <\/strong>Neue Keramik\/ New Ceramics, Issue 3-2025<br \/>\n<strong>2025<\/strong> Ceramics Now\u00a0<strong><span style=\"color: #99cc00;\"><a style=\"color: #99cc00;\" href=\"https:\/\/www.ceramicsnow.org\/noraarrieta\/\">https:\/\/www.ceramicsnow.org\/noraarrieta\/<\/a><\/span><\/strong><br \/>\n<strong>2024 Solo catalogue &#8222;Schlaraffenland&#8220;<\/strong> Publisher: Isensee Verlag<br \/>\nISBN: 978 3730 821152<br \/>\n<strong>2019\u00a0<span style=\"color: #99cc00;\"><a style=\"color: #99cc00;\" href=\"https:\/\/www.friendoftheartist.com\/blogs\/nora-arrieta\">Interview with Nora Arrieta \u2014 FOA (friendoftheartist.com)<\/a><\/span><\/strong><br \/>\n<strong>2015<\/strong> Catalog Mart-Stam-Award (Published by Mart-Stam-Gesellschaft)<span style=\"color: #000000;\"><span style=\"color: #99cc00;\"><strong><a style=\"color: #99cc00;\" href=\"https:\/\/noraarrieta.com\/wp-content\/uploads\/2015\/02\/arrieta_small.pdf\">mart-stam-award 2014 catalog (english\/german)<\/a><\/strong><\/span><\/span><br \/>\n<strong>2015<\/strong> Article in Ostseezeitung 24.10.<strong> <span style=\"color: #0000ff;\"><span style=\"color: #99cc00;\"><a style=\"color: #99cc00;\" href=\"http:\/\/www.ostsee-zeitung.de\/Extra\/Kunstboerse\/Ruehrstuecke-ueber-die-Banalitaet-des-Alltags\">article 24.10.2015, Ostseezeitung Rostock (german)<\/a><\/span><a style=\"color: #0000ff;\" href=\"http:\/\/www.ostsee-zeitung.de\/Extra\/Kunstboerse\/Ruehrstuecke-ueber-die-Banalitaet-des-Alltags\"><br \/>\n<\/a><\/span><\/strong><strong>2014<\/strong> <strong>&#8222;Bild, Spiel, Vasen&#8220;<\/strong> (selfpublishing, edition 30 pieces)<span style=\"color: #99cc00;\"><strong> <a style=\"color: #99cc00;\" href=\"https:\/\/noraarrieta.com\/wp-content\/uploads\/2016\/03\/vasen_arrieta3.pdf\">Bild, Spiel, Vasen<\/a><\/strong><\/span><br \/>\n<small><small><\/small><\/small><\/p>\n<p>&nbsp;<\/p>\n<p><small><small><span style=\"text-decoration: underline;\">1. Haftungsbeschr\u00e4nkung<\/span><br \/>\nDie Inhalte des Internetauftritts wurden mit gr\u00f6\u00dftm\u00f6glicher Sorgfalt und nach bestem Gewissen erstellt.<br \/>\nAls Diensteanbieter ist der Anbieter dieser Webseite gem\u00e4\u00df \u00a7 7 Abs. 1 TMG f\u00fcr eigene Inhalte und bereitgestellte Informationen auf diesen Seiten nach den allgemeinen Gesetzen verantwortlich; nach den \u00a7\u00a7 8 bis 10 TMG jedoch nicht verpflichtet, die \u00fcbermittelten oder gespeicherten fremden Informationen zu \u00fcberwachen. Eine Entfernung oder Sperrung dieser Inhalte erfolgt umgehend ab dem Zeitpunkt der Kenntnis einer konkreten Rechtsverletzung. Eine Haftung ist erst ab dem Zeitpunkt der Kenntniserlangung m\u00f6glich.<br \/>\n<\/small><\/small><\/p>\n","protected":false},"excerpt":{"rendered":"<p>Nora Arrieta is a sculpture artist who lives and works in H\u00f6hr-Grenzhausen, Germany. Contact: arrieta[at]gmx.de Instagram: @nora.arrieta.sculpture SWR Beitrag 25.08.2024 Alles au\u00dfer T\u00f6pfern: Phantastische Keramikkunst: Link:Kunst aus Ton: Was steckt hinter dem Keramik-Hype? &#8211; SWR Kultur &nbsp; Since 2020 Workshop&#8230;<\/p>\n","protected":false},"author":1,"featured_media":0,"parent":0,"menu_order":0,"comment_status":"closed","ping_status":"closed","template":"page-template-fullwidth.php","meta":{"footnotes":""},"class_list":["post-133","page","type-page","status-publish","hentry"],"_links":{"self":[{"href":"https:\/\/noraarrieta.com\/index.php?rest_route=\/wp\/v2\/pages\/133"}],"collection":[{"href":"https:\/\/noraarrieta.com\/index.php?rest_route=\/wp\/v2\/pages"}],"about":[{"href":"https:\/\/noraarrieta.com\/index.php?rest_route=\/wp\/v2\/types\/page"}],"author":[{"embeddable":true,"href":"https:\/\/noraarrieta.com\/index.php?rest_route=\/wp\/v2\/users\/1"}],"replies":[{"embeddable":true,"href":"https:\/\/noraarrieta.com\/index.php?rest_route=%2Fwp%2Fv2%2Fcomments&post=133"}],"version-history":[{"count":297,"href":"https:\/\/noraarrieta.com\/index.php?rest_route=\/wp\/v2\/pages\/133\/revisions"}],"predecessor-version":[{"id":1643,"href":"https:\/\/noraarrieta.com\/index.php?rest_route=\/wp\/v2\/pages\/133\/revisions\/1643"}],"wp:attachment":[{"href":"https:\/\/noraarrieta.com\/index.php?rest_route=%2Fwp%2Fv2%2Fmedia&parent=133"}],"curies":[{"name":"wp","href":"https:\/\/api.w.org\/{rel}","templated":true}]}}

<p><span style="color: #000000;">Nora Arrieta is a sculpture artist who lives and works in Höhr-Grenzhausen, Germany.</span><br />
<span style="color: #000000;">Contact: arrieta[at]gmx.de</span><br />
<span style="color: #000000;">Instagram: @nora.arrieta.sculpture <a href="https://www.instagram.com/nora.arrieta.sculpture" target="_blank" rel="noopener"><br />
<i class="fab fa-instagram" style="font-size: 50px;"></i></a></span></p>
<p><strong>SWR Beitrag 25.08.2024 Alles außer Töpfern: Phantastische Keramikkunst:</strong><br />
<strong>Link:</strong><span style="color: #99cc00;"><strong><a style="color: #99cc00;" href="https://www.swr.de/swrkultur/kunst-und-ausstellung/mehr-als-toepfern-keramik-als-kunsttrend-100.html">Kunst aus Ton: Was steckt hinter dem Keramik-Hype? &#8211; SWR Kultur</a></strong></span></p>
<hr class="ttfmake-hr" style="border-style: solid; border-top-width: 1px;" />
<p>&nbsp;</p>
<p>Since 2020 Workshop manager and lecturer for ceramics at the Art Institute for Ceramic and Glass Art in Höhr-Grenzhausen<br />
2019-2020 Ceramic Art Teaching Fellow at Tabor Academy, Marion, MA<br />
2019 MFA in Ceramic Art, New York State College for Ceramics at Alfred Uniersity, Alfred NY, U.S.<br />
2014-2017 Masterstudent of Martin Honert, School of Fine Art, Dresden, Germany<br />
2015 Visiting Artist, Syracuse University, College of Visual and Performing Arts (Ceramics), Syracuse NY, U.S.<br />
2014 Degree in Sculpture, weißensee academy of art berlin<br />
2009-2014 Studies of Fine Art Sculpture, weißensee academy of art berlin</p>
<p><strong><br />
Gallery contact<br />
</strong>Galleria Antonella Villanova, Via Maggio 19/21R, Firenze, Italy</p>
<p><strong>Awards and scholarships</strong><br />
<strong>2025</strong> Förderpreis &#8222;Junge Keramik&#8220;, Diessener Töpfermarkt<br />
<strong>2024</strong> 2nd Prize 15. Westerwaldpreis<br />
<strong>2024</strong> Förderpreis Keramik im Pulverturm Oldenburg<br />
<strong>2023</strong> Grassipreis der Sparkasse Leipzig<br />
<strong>2022</strong> Frechener Keramikpreis 2022<br />
<strong>2016</strong> MoKS Residency Estonia (supported by Künstlerhaus Lukas)<br />
<strong>2015</strong> DAAD Scholarship (U.S.)<br />
<strong>2014</strong> Mart Stam Award der Kunsthochschule Berlin Weißensee</p>
<p><strong>Solo exhibitions</strong><br />
<strong>2026</strong> &#8222;4 Schäferhunde im Weltall&#8220;, KM570 Kunstverein Mittelrhein, Koblenz Ehrenbreitstein<br />
<strong>2025</strong> &#8222;Tresor-En-Valise&#8220;, curated by Emanuela Nobile Mino, Galleria Antonella Villanova in collaboration with Galleria Luisa delle Piane<br />
<strong>2024</strong> &#8222;Schlaraffenland&#8220;, Pulverturm, Stadtmuseum Oldenburg<br />
<strong>2023</strong> &#8222;Strotzbüsch&#8220;, Atelier Judith Röder, Strötzbüsch, Vulkaneifel<br />
<strong>2023</strong> &#8222;Multiversum&#8220;, Galerie Glaskasten, Chemnitz<br />
<strong>2019</strong> &#8222;Yoghurt Yoga&#8220;, Robert C. Turner Gallery, Alfred, USA<br />
<strong>2015</strong> Michael Sickler Gallery, Syracuse, U.S.</p>
<p><strong>Group exhibitions (selection)</strong><br />
<strong>2026<br />
</strong>&#8222;Der Pavillon&#8220;, (With Galleria Antonella Villanova), Former Hotel Eden, St. Moritz<strong><br />
</strong>&#8222;Figürlich&#8220;, Galerie Handwerk, München<strong><br />
<strong>2025<br />
</strong></strong>&#8222;Raum &amp; Tat&#8220;, Neues Museum Nürnberg<br />
&#8222;PLAYSTATION&#8220;, (Mit Benedikt Simon), Kunstverein Kunstraum Westpfalz, Kaiserslautern<br />
&#8222;Förderpreis Junge Keramik&#8220;, Diessener Töpfermarkt, Diessen<br />
&#8222;Tischkultur&#8220;, Galerie Handwerk, München<br />
&#8222;Forever Young&#8220;, Kunstverein Villa Streccius, Landau<br />
&#8222;Nomad St. Moritz 2025&#8220; (with Galleria Antonella Villanova), Former Klinik Gut, St. Moritz<br />
&#8222;Kannenbäckerland&#8220;, Keramikcentrum Tiendschuur, Tegelen<strong><br />
<strong>2024<br />
</strong></strong>&#8222;Verrückt nach Ton&#8220;, Museum für Angewandte Kunst, Gera<br />
&#8222;Westerwaldpreis 2024&#8220;, Keramikmuseum Westerwald, Höhr-Grenzhausen<br />
&#8222;Der Stoff, aus dem wir sind &#8211; Irdene Bildwerke der Gegenwart&#8220;, Kunstmuseum Ahrenshoop<br />
&#8222;Eingewecktes Weltall- Nora Arrieta und Sarah Fischer&#8220;, GaDeWe Bremen<br />
&#8222;Der Brand&#8220;, Galerie Handwerk München<strong><br />
<strong>2023</strong><br />
</strong>Grassimesse 2023,Grassimuseum für Angewandte Kunst Leipzig<br />
&#8222;Bring mir den Sonnenuntergang in einer Tasse&#8220;, AKM Koblenz, Haus Metternich<br />
„Junge Talente 2023“, Handwerksmesse München<strong><br />
<strong>2022</strong><br />
</strong>&#8222;Frechener Keramikpreis 2022&#8220;, Stiftung Keramion, Frechen<br />
&#8222;Mimimi!!! Die Sammlung Wolkenkuckucksheim&#8220;, Galerie Irrgang, Leipzig<br />
&#8222;Richard- Bampi-Preis 2022 Ausstellung&#8220;, Meissen Porzellan-Stiftung GmbH, Meissen<strong><br />
<strong>2020</strong><br />
</strong>„C-Artikel“, Projektraum Eilerstraße 131, Köln<br />
“Craft in Contemporary Art”, Site: Brooklyn, New York, USA<br />
“GVSU Forum”, National Council on Education for the Ceramic Arts, Richmond, USA<br />
“Small Favors”, The Clay Studio, Philadelphia, USA<strong><br />
<strong>2019</strong><br />
</strong>“Anonyme Zeichner Archiv- Zu Gast im Kunsthaus Kannen“, Kunsthaus Kannen, Münster<br />
“La Arcilla Como Fundamento”, Campos de Guiterrez, Medellin, Kolumbien<strong><br />
<strong>2018</strong><br />
</strong>“Trestle Draw“,National Council on Education for the Ceramic Arts, Pittsburgh, USA<br />
“Small Scale Bake Shale“, National Council on Education for the Ceramic Arts, Pittsburgh, USA<br />
&#8222;Etüden&#8220;, Galerie im Amalienpark, Berlin<strong><br />
<strong>2016</strong><br />
</strong>“Himmel und Erde”, NEUE GALERIE, Zossen<strong><br />
<strong>2015</strong><br />
</strong>&#8222;OZ Kunstbörse&#8220; HMT Rostock<br />
&#8222;a state of mind&#8220;, Kunstraum Bethanien, Berlin<br />
&#8222;Berlin Art Prize 2015&#8220;, District, Berlin<br />
&#8222;It&#8217;s oh so cute&#8220;, Eigen und Art Lab, Berlin<strong><br />
<strong>2014</strong><br />
</strong>&#8222;Hurra das Meer&#8220;, Kunstmuseum Ahrenshoop<br />
„Reif“, Kühlhaus Berlin<br />
„emotional tracking“, Freies Museum Berlin<br />
<strong>2013<br />
</strong>„Erfindungsdrang“, Projektraum Pistoriusstraße 142<strong><br />
<strong>2012</strong><br />
</strong>„Rotkäppchen kommt aus Berlin“ Staatsbibliothek zu Berlin</p>
<p><strong>Collections</strong><br />
Staatsbibliothek Berlin<br />
Alfred Ceramic Art Museum<br />
Grassi-Museum Leipzig<br />
FAMA Kunststiftung<br />
Museum für Angewandte Kunst Gera</p>
<p>&nbsp;</p>
<p><strong>Bibliography</strong><br />
<strong>2025 Solo catalogue &#8222;Nora Arrieta&#8220;</strong> publisher: Galleria Antonella Villanova (with texts by Demetrio Paparoni and Emanuela Nobile Mino)<br />
<strong>2025 </strong>Neue Keramik/ New Ceramics, Issue 3-2025<br />
<strong>2025</strong> Ceramics Now <strong><span style="color: #99cc00;"><a style="color: #99cc00;" href="https://www.ceramicsnow.org/noraarrieta/">https://www.ceramicsnow.org/noraarrieta/</a></span></strong><br />
<strong>2024 Solo catalogue &#8222;Schlaraffenland&#8220;</strong> Publisher: Isensee Verlag<br />
ISBN: 978 3730 821152<br />
<strong>2019 <span style="color: #99cc00;"><a style="color: #99cc00;" href="https://www.friendoftheartist.com/blogs/nora-arrieta">Interview with Nora Arrieta — FOA (friendoftheartist.com)</a></span></strong><br />
<strong>2015</strong> Catalog Mart-Stam-Award (Published by Mart-Stam-Gesellschaft)<span style="color: #000000;"><span style="color: #99cc00;"><strong><a style="color: #99cc00;" href="https://noraarrieta.com/wp-content/uploads/2015/02/arrieta_small.pdf">mart-stam-award 2014 catalog (english/german)</a></strong></span></span><br />
<strong>2015</strong> Article in Ostseezeitung 24.10.<strong> <span style="color: #0000ff;"><span style="color: #99cc00;"><a style="color: #99cc00;" href="http://www.ostsee-zeitung.de/Extra/Kunstboerse/Ruehrstuecke-ueber-die-Banalitaet-des-Alltags">article 24.10.2015, Ostseezeitung Rostock (german)</a></span><a style="color: #0000ff;" href="http://www.ostsee-zeitung.de/Extra/Kunstboerse/Ruehrstuecke-ueber-die-Banalitaet-des-Alltags"><br />
</a></span></strong><strong>2014</strong> <strong>&#8222;Bild, Spiel, Vasen&#8220;</strong> (selfpublishing, edition 30 pieces)<span style="color: #99cc00;"><strong> <a style="color: #99cc00;" href="https://noraarrieta.com/wp-content/uploads/2016/03/vasen_arrieta3.pdf">Bild, Spiel, Vasen</a></strong></span><br />
<small><small></small></small></p>
<p>&nbsp;</p>
<p><small><small><span style="text-decoration: underline;">1. Haftungsbeschränkung</span><br />
Die Inhalte des Internetauftritts wurden mit größtmöglicher Sorgfalt und nach bestem Gewissen erstellt.<br />
Als Diensteanbieter ist der Anbieter dieser Webseite gemäß § 7 Abs. 1 TMG für eigene Inhalte und bereitgestellte Informationen auf diesen Seiten nach den allgemeinen Gesetzen verantwortlich; nach den §§ 8 bis 10 TMG jedoch nicht verpflichtet, die übermittelten oder gespeicherten fremden Informationen zu überwachen. Eine Entfernung oder Sperrung dieser Inhalte erfolgt umgehend ab dem Zeitpunkt der Kenntnis einer konkreten Rechtsverletzung. Eine Haftung ist erst ab dem Zeitpunkt der Kenntniserlangung möglich.<br />
</small></small></p>

<p>Nora Arrieta is a sculpture artist who lives and works in Höhr-Grenzhausen, Germany. Contact: arrieta[at]gmx.de Instagram: @nora.arrieta.sculpture SWR Beitrag 25.08.2024 Alles außer Töpfern: Phantastische Keramikkunst: Link:Kunst aus Ton: Was steckt hinter dem Keramik-Hype? &#8211; SWR Kultur &nbsp; Since 2020 Workshop&#8230;</p>
